{"id":1170,"date":"2025-07-08T06:32:37","date_gmt":"2025-07-08T04:32:37","guid":{"rendered":"https:\/\/pronto-pellets.com\/?post_type=product&#038;p=1170"},"modified":"2025-11-11T20:43:02","modified_gmt":"2025-11-11T19:43:02","slug":"pannello-radiante-orbegozo-display-lcd-controllo-digitale-potenza-2000w-termostato-digitale","status":"publish","type":"product","link":"https:\/\/pronto-pellets.com\/index.php\/prodotto\/pannello-radiante-orbegozo-display-lcd-controllo-digitale-potenza-2000w-termostato-digitale\/","title":{"rendered":"Pannello radiante Orbegozo. Display LCD. Controllo digitale. Potenza: 2000W. Termostato Digitale"},"content":{"rendered":"<div class=\"o-product-detail-informations__description\">\n<p><span dir=\"auto\" style=\"vertical-align: inherit;\"><span dir=\"auto\" style=\"vertical-align: inherit;\">Panneau rayonnant Orbegozo REH2000A. Panneau rayonnant Orbegozo avec \u00e9cran LCD et commande num\u00e9rique, 2000 W, \u00e9quip\u00e9 d&#8217;un thermostat num\u00e9rique pour un contr\u00f4le optimal de la temp\u00e9rature dans votre maison. Caract\u00e9ristiques du produit\u00a0: Panneau rayonnant avec \u00e9cran LCD, convection et diffusion de chaleur rapides, commande tactile et thermostat num\u00e9rique, plage de temp\u00e9rature\u00a0: 7\u00a0\u00b0C \u2013 35\u00a0\u00b0C. Questions fr\u00e9quentes\u00a0: Comment installer le panneau rayonnant Orbegozo\u00a0? L&#8217;installation est simple et peut \u00eatre r\u00e9alis\u00e9e au mur ou au sol \u00e0 l&#8217;aide du support fourni. Quelles sont les dimensions du panneau rayonnant Orbegozo\u00a0? Le panneau mesure 129,5 x 38,5 x 7\u00a0cm et p\u00e8se 7,9\u00a0kg, id\u00e9al pour les pi\u00e8ces de taille moyenne. Le panneau rayonnant Orbegozo est-il fourni avec une t\u00e9l\u00e9commande\u00a0? Oui, il est fourni avec une t\u00e9l\u00e9commande pour une utilisation simplifi\u00e9e. Quelles sont les fonctions de s\u00e9curit\u00e9 du panneau rayonnant Orbegozo\u00a0? Il est \u00e9quip\u00e9 d&#8217;une protection contre la surchauffe, d&#8217;une s\u00e9curit\u00e9 enfant et d&#8217;un interrupteur de coupure totale. Quelle est la puissance de ce panneau rayonnant Orbegozo\u00a0? Le panneau rayonnant a une puissance de 2000 W, id\u00e9ale pour chauffer rapidement vos pi\u00e8ces.<\/span><\/span><\/p>\n<\/div>\n<table class=\"o-product-features\" role=\"presentation\" data-cerberus=\"TABLE_AttributesProduct\">\n<caption class=\"kl-hidden-accessibility\">\u00a0<\/caption>\n<tbody>\n<tr class=\"m-product-attr-row\">\n<th class=\"m-product-attr-row__name\" scope=\"row\"><span dir=\"auto\" style=\"vertical-align: inherit;\"><span dir=\"auto\" style=\"vertical-align: inherit;\">Pour la salle de bain<\/span><\/span><\/th>\n<td class=\"m-product-attr-row__value\"><span dir=\"auto\" style=\"vertical-align: inherit;\"><span dir=\"auto\" style=\"vertical-align: inherit;\">Oui<\/span><\/span><\/td>\n<\/tr>\n<tr class=\"m-product-attr-row\">\n<th class=\"m-product-attr-row__name\" scope=\"row\"><span dir=\"auto\" style=\"vertical-align: inherit;\"><span dir=\"auto\" style=\"vertical-align: inherit;\">Famille de couleurs<\/span><\/span><\/th>\n<td class=\"m-product-attr-row__value\"><span dir=\"auto\" style=\"vertical-align: inherit;\"><span dir=\"auto\" style=\"vertical-align: inherit;\">Blanc<\/span><\/span><\/td>\n<\/tr>\n<tr class=\"m-product-attr-row\">\n<th class=\"m-product-attr-row__name\" scope=\"row\"><span dir=\"auto\" style=\"vertical-align: inherit;\"><span dir=\"auto\" style=\"vertical-align: inherit;\">Roues<\/span><\/span><\/th>\n<td class=\"m-product-attr-row__value\"><span dir=\"auto\" style=\"vertical-align: inherit;\"><span dir=\"auto\" style=\"vertical-align: inherit;\">Non<\/span><\/span><\/td>\n<\/tr>\n<\/tbody>\n<\/table>\n","protected":false},"excerpt":{"rendered":"<p>Panneau rayonnant Orbegozo REH2000A. Panneau rayonnant Orbegozo avec \u00e9cran LCD et commande num\u00e9rique, 2000 W, \u00e9quip\u00e9 d&#8217;un thermostat num\u00e9rique pour un contr\u00f4le optimal de la temp\u00e9rature dans votre maison. Caract\u00e9ristiques<\/p>\n","protected":false},"featured_media":1217,"comment_status":"open","ping_status":"closed","template":"","meta":[],"product_brand":[],"product_cat":[154],"product_tag":[],"class_list":{"0":"post-1170","1":"product","2":"type-product","3":"status-publish","6":"product_cat-legno-da-fuoco","8":"first","9":"instock","10":"shipping-taxable","11":"purchasable","12":"product-type-simple"},"jetpack_sharing_enabled":true,"_links":{"self":[{"href":"https:\/\/pronto-pellets.com\/index.php\/wp-json\/wp\/v2\/product\/1170","targetHints":{"allow":["GET"]}}],"collection":[{"href":"https:\/\/pronto-pellets.com\/index.php\/wp-json\/wp\/v2\/product"}],"about":[{"href":"https:\/\/pronto-pellets.com\/index.php\/wp-json\/wp\/v2\/types\/product"}],"replies":[{"embeddable":true,"href":"https:\/\/pronto-pellets.com\/index.php\/wp-json\/wp\/v2\/comments?post=1170"}],"wp:featuredmedia":[{"embeddable":true,"href":"https:\/\/pronto-pellets.com\/index.php\/wp-json\/wp\/v2\/media\/1217"}],"wp:attachment":[{"href":"https:\/\/pronto-pellets.com\/index.php\/wp-json\/wp\/v2\/media?parent=1170"}],"wp:term":[{"taxonomy":"product_brand","embeddable":true,"href":"https:\/\/pronto-pellets.com\/index.php\/wp-json\/wp\/v2\/product_brand?post=1170"},{"taxonomy":"product_cat","embeddable":true,"href":"https:\/\/pronto-pellets.com\/index.php\/wp-json\/wp\/v2\/product_cat?post=1170"},{"taxonomy":"product_tag","embeddable":true,"href":"https:\/\/pronto-pellets.com\/index.php\/wp-json\/wp\/v2\/product_tag?post=1170"}],"curies":[{"name":"wp","href":"https:\/\/api.w.org\/{rel}","templated":true}]}}