{"id":1178,"date":"2025-07-08T06:32:37","date_gmt":"2025-07-08T04:32:37","guid":{"rendered":"https:\/\/pronto-pellets.com\/?post_type=product&#038;p=1178"},"modified":"2025-11-11T20:38:59","modified_gmt":"2025-11-11T19:38:59","slug":"mpc-murcia-2000w-riscaldatore-a-infrarossi-da-patio-2000w-acciaio-e-alluminio-telecomando-con-timer-ip65-ideale-per-dehors-e-ambienti-interni","status":"publish","type":"product","link":"https:\/\/pronto-pellets.com\/index.php\/prodotto\/mpc-murcia-2000w-riscaldatore-a-infrarossi-da-patio-2000w-acciaio-e-alluminio-telecomando-con-timer-ip65-ideale-per-dehors-e-ambienti-interni\/","title":{"rendered":"MPC MURCIA 2000W Riscaldatore a Infrarossi da Patio 2000W , Acciaio e Alluminio, Telecomando con Timer, IP65, Ideale per dehors e ambienti interni"},"content":{"rendered":"<div class=\"o-product-detail-informations__description\">\n<p><span dir=\"auto\" style=\"vertical-align: inherit;\"><span dir=\"auto\" style=\"vertical-align: inherit;\">Con\u00e7u pour l&#8217;h\u00f4tellerie-restauration, le MURCIA 2000W est le compagnon id\u00e9al des terrasses, patios et int\u00e9rieurs chaleureux, m\u00eame par temps froid. Il offre un confort thermique optimal gr\u00e2ce \u00e0 son design moderne, alliant style et technologie de pointe.<\/span><\/span><\/p>\n<p><span dir=\"auto\" style=\"vertical-align: inherit;\"><span dir=\"auto\" style=\"vertical-align: inherit;\">Le chauffage infrarouge MPC MURCIA-2000WINFRAROSSI est la solution id\u00e9ale pour chauffer les terrasses, bars et restaurants. Dot\u00e9 d&#8217;une puissance r\u00e9glable de 2\u00a0000\u00a0W et d&#8217;une construction robuste en acier et aluminium, il est certifi\u00e9 IP65 et r\u00e9siste \u00e0 tous les climats. Parfait pour les terrasses, balcons et espaces commerciaux, il diffuse une chaleur efficace et \u00e9co\u00e9nerg\u00e9tique.<\/span><\/span><\/p>\n<p><span dir=\"auto\" style=\"vertical-align: inherit;\"><span dir=\"auto\" style=\"vertical-align: inherit;\">Pourquoi choisir le MURCIA-2000WINFRAROSSI\u00a0? <\/span><\/span><br \/>\n<span dir=\"auto\" style=\"vertical-align: inherit;\"><span dir=\"auto\" style=\"vertical-align: inherit;\">Design \u00e9l\u00e9gant\u00a0: <\/span><\/span><br \/>\n<span dir=\"auto\" style=\"vertical-align: inherit;\"><span dir=\"auto\" style=\"vertical-align: inherit;\">avec son design fin et moderne, ce chauffage de terrasse infrarouge s\u2019int\u00e8gre parfaitement \u00e0 tous les espaces, ajoutant une touche de style \u00e0 votre restaurant ou espace commercial.<\/span><\/span><\/p>\n<p><span dir=\"auto\" style=\"vertical-align: inherit;\"><span dir=\"auto\" style=\"vertical-align: inherit;\">Efficacit\u00e9 \u00e9nerg\u00e9tique : <\/span><\/span><br \/>\n<span dir=\"auto\" style=\"vertical-align: inherit;\"><span dir=\"auto\" style=\"vertical-align: inherit;\">La lampe IR-A \u00e0 ondes courtes assure un chauffage externe rapide et sans gaspillage pour les bars, ce qui en fait le choix id\u00e9al pour ceux qui recherchent un produit efficace et durable.<\/span><\/span><\/p>\n<p><span dir=\"auto\" style=\"vertical-align: inherit;\"><span dir=\"auto\" style=\"vertical-align: inherit;\">Confort optimal : <\/span><\/span><br \/>\n<span dir=\"auto\" style=\"vertical-align: inherit;\"><span dir=\"auto\" style=\"vertical-align: inherit;\">ce chauffage d&#8217;appoint r\u00e9partit la chaleur uniform\u00e9ment, r\u00e9chauffant la t\u00eate et les jambes de vos clients. Con\u00e7u pour un usage commercial et conforme \u00e0 la norme IP65, il offre une chaleur constante et une ambiance chaleureuse, m\u00eame lors des soir\u00e9es les plus fra\u00eeches.<\/span><\/span><\/p>\n<p><span dir=\"auto\" style=\"vertical-align: inherit;\"><span dir=\"auto\" style=\"vertical-align: inherit;\">Commande intelligente\u00a0: <\/span><\/span><br \/>\n<span dir=\"auto\" style=\"vertical-align: inherit;\"><span dir=\"auto\" style=\"vertical-align: inherit;\">Dot\u00e9 d\u2019une t\u00e9l\u00e9commande avec minuterie et affichage LED, le MURCIA-2000WINFRAROSSI offre une utilisation intuitive et pratique. Id\u00e9al pour optimiser l\u2019utilisation de votre syst\u00e8me de chauffage ext\u00e9rieur pour les bars et restaurants.<\/span><\/span><\/p>\n<p><span dir=\"auto\" style=\"vertical-align: inherit;\"><span dir=\"auto\" style=\"vertical-align: inherit;\">Installation facile\u00a0: <\/span><\/span><br \/>\n<span dir=\"auto\" style=\"vertical-align: inherit;\"><span dir=\"auto\" style=\"vertical-align: inherit;\">gr\u00e2ce au support inclus, l\u2019installation murale est rapide et simple. En quelques minutes seulement, votre syst\u00e8me de chauffage sera pr\u00eat \u00e0 vous offrir un confort thermique optimal gr\u00e2ce \u00e0 son design moderne et fonctionnel.<\/span><\/span><\/p>\n<p><span dir=\"auto\" style=\"vertical-align: inherit;\"><span dir=\"auto\" style=\"vertical-align: inherit;\">Caract\u00e9ristiques techniques <\/span><\/span><br \/>\n<span dir=\"auto\" style=\"vertical-align: inherit;\"><span dir=\"auto\" style=\"vertical-align: inherit;\">Puissance\u00a0: 2000\u00a0W <\/span><\/span><br \/>\n<span dir=\"auto\" style=\"vertical-align: inherit;\"><span dir=\"auto\" style=\"vertical-align: inherit;\">Tension\u00a0: 230-240\u00a0V, 50\/60\u00a0Hz <\/span><\/span><br \/>\n<span dir=\"auto\" style=\"vertical-align: inherit;\"><span dir=\"auto\" style=\"vertical-align: inherit;\">Mat\u00e9riaux\u00a0: Acier inoxydable et aluminium <\/span><\/span><br \/>\n<span dir=\"auto\" style=\"vertical-align: inherit;\"><span dir=\"auto\" style=\"vertical-align: inherit;\">Couleur\u00a0: Argent et noir <\/span><\/span><br \/>\n<span dir=\"auto\" style=\"vertical-align: inherit;\"><span dir=\"auto\" style=\"vertical-align: inherit;\">Protection\u00a0: IP65, id\u00e9al pour tous les climats <\/span><\/span><br \/>\n<span dir=\"auto\" style=\"vertical-align: inherit;\"><span dir=\"auto\" style=\"vertical-align: inherit;\">Accessoires\u00a0: T\u00e9l\u00e9commande, minuterie, affichage LED, support inclus <\/span><\/span><br \/>\n<span dir=\"auto\" style=\"vertical-align: inherit;\"><span dir=\"auto\" style=\"vertical-align: inherit;\">N\u2019attendez plus\u00a0! Transformez votre espace ext\u00e9rieur avec le MURCIA-2000WINFRAROSSI. Gr\u00e2ce \u00e0 son efficacit\u00e9 \u00e9nerg\u00e9tique, son design \u00e9l\u00e9gant et sa capacit\u00e9 \u00e0 chauffer de grands espaces, c\u2019est l\u2019investissement id\u00e9al pour am\u00e9liorer l\u2019exp\u00e9rience de vos clients.<\/span><\/span><\/p>\n<p><span dir=\"auto\" style=\"vertical-align: inherit;\"><span dir=\"auto\" style=\"vertical-align: inherit;\">Offre \u00e0 dur\u00e9e limit\u00e9e\u00a0: Ajoutez le MURCIA-2000WINFRAROSSI \u00e0 votre patio ou terrasse d\u00e8s aujourd\u2019hui\u00a0!<\/span><\/span><\/p>\n<\/div>\n<table class=\"o-product-features\" role=\"presentation\" data-cerberus=\"TABLE_AttributesProduct\">\n<caption class=\"kl-hidden-accessibility\">\u00a0<\/caption>\n<tbody>\n<tr class=\"m-product-attr-row\">\n<th class=\"m-product-attr-row__name\" scope=\"row\"><span dir=\"auto\" style=\"vertical-align: inherit;\"><span dir=\"auto\" style=\"vertical-align: inherit;\">Famille de couleurs<\/span><\/span><\/th>\n<td class=\"m-product-attr-row__value\"><span dir=\"auto\" style=\"vertical-align: inherit;\"><span dir=\"auto\" style=\"vertical-align: inherit;\">Gris\/argent<\/span><\/span><\/td>\n<\/tr>\n<tr class=\"m-product-attr-row\">\n<th class=\"m-product-attr-row__name\" scope=\"row\"><span dir=\"auto\" style=\"vertical-align: inherit;\"><span dir=\"auto\" style=\"vertical-align: inherit;\">Largeur (en cm)<\/span><\/span><\/th>\n<td class=\"m-product-attr-row__value\"><span dir=\"auto\" style=\"vertical-align: inherit;\"><span dir=\"auto\" style=\"vertical-align: inherit;\">25<\/span><\/span><\/td>\n<\/tr>\n<tr class=\"m-product-attr-row\">\n<th class=\"m-product-attr-row__name\" scope=\"row\"><span dir=\"auto\" style=\"vertical-align: inherit;\"><span dir=\"auto\" style=\"vertical-align: inherit;\">Hauteur (en cm)<\/span><\/span><\/th>\n<td class=\"m-product-attr-row__value\"><span dir=\"auto\" style=\"vertical-align: inherit;\"><span dir=\"auto\" style=\"vertical-align: inherit;\">12<\/span><\/span><\/td>\n<\/tr>\n<tr class=\"m-product-attr-row\">\n<th class=\"m-product-attr-row__name\" scope=\"row\"><span dir=\"auto\" style=\"vertical-align: inherit;\"><span dir=\"auto\" style=\"vertical-align: inherit;\">Profondeur (en cm)<\/span><\/span><\/th>\n<td class=\"m-product-attr-row__value\"><span dir=\"auto\" style=\"vertical-align: inherit;\"><span dir=\"auto\" style=\"vertical-align: inherit;\">60,2<\/span><\/span><\/td>\n<\/tr>\n<tr class=\"m-product-attr-row\">\n<th class=\"m-product-attr-row__name\" scope=\"row\"><span dir=\"auto\" style=\"vertical-align: inherit;\"><span dir=\"auto\" style=\"vertical-align: inherit;\">Programmation int\u00e9gr\u00e9e<\/span><\/span><\/th>\n<td class=\"m-product-attr-row__value\"><span dir=\"auto\" style=\"vertical-align: inherit;\"><span dir=\"auto\" style=\"vertical-align: inherit;\">Non<\/span><\/span><\/td>\n<\/tr>\n<tr class=\"m-product-attr-row\">\n<th class=\"m-product-attr-row__name\" scope=\"row\"><span dir=\"auto\" style=\"vertical-align: inherit;\"><span dir=\"auto\" style=\"vertical-align: inherit;\">T\u00e9l\u00e9commande<\/span><\/span><\/th>\n<td class=\"m-product-attr-row__value\"><span dir=\"auto\" style=\"vertical-align: inherit;\"><span dir=\"auto\" style=\"vertical-align: inherit;\">Oui<\/span><\/span><\/td>\n<\/tr>\n<tr class=\"m-product-attr-row\">\n<th class=\"m-product-attr-row__name\" scope=\"row\"><span dir=\"auto\" style=\"vertical-align: inherit;\"><span dir=\"auto\" style=\"vertical-align: inherit;\">Affichage num\u00e9rique<\/span><\/span><\/th>\n<td class=\"m-product-attr-row__value\"><span dir=\"auto\" style=\"vertical-align: inherit;\"><span dir=\"auto\" style=\"vertical-align: inherit;\">Oui<\/span><\/span><\/td>\n<\/tr>\n<tr class=\"m-product-attr-row\">\n<th class=\"m-product-attr-row__name\" scope=\"row\"><span dir=\"auto\" style=\"vertical-align: inherit;\"><span dir=\"auto\" style=\"vertical-align: inherit;\">Roues<\/span><\/span><\/th>\n<td class=\"m-product-attr-row__value\"><span dir=\"auto\" style=\"vertical-align: inherit;\"><span dir=\"auto\" style=\"vertical-align: inherit;\">Non<\/span><\/span><\/td>\n<\/tr>\n<tr class=\"m-product-attr-row\">\n<th class=\"m-product-attr-row__name\" scope=\"row\"><span dir=\"auto\" style=\"vertical-align: inherit;\"><span dir=\"auto\" style=\"vertical-align: inherit;\">Sp\u00e9cifications du produit<\/span><\/span><\/th>\n<td class=\"m-product-attr-row__value\"><span dir=\"auto\" style=\"vertical-align: inherit;\"><span dir=\"auto\" style=\"vertical-align: inherit;\">\u00c9conomies d&#8217;\u00e9nergie<\/span><\/span><\/td>\n<\/tr>\n<\/tbody>\n<\/table>\n","protected":false},"excerpt":{"rendered":"<p>Con\u00e7u pour l&#8217;h\u00f4tellerie-restauration, le MURCIA 2000W est le compagnon id\u00e9al des terrasses, patios et int\u00e9rieurs chaleureux, m\u00eame par temps froid. Il offre un confort thermique optimal gr\u00e2ce \u00e0 son design<\/p>\n","protected":false},"featured_media":1255,"comment_status":"open","ping_status":"closed","template":"","meta":[],"product_brand":[],"product_cat":[154],"product_tag":[],"class_list":{"0":"post-1178","1":"product","2":"type-product","3":"status-publish","6":"product_cat-legno-da-fuoco","8":"first","9":"instock","10":"shipping-taxable","11":"purchasable","12":"product-type-simple"},"jetpack_sharing_enabled":true,"_links":{"self":[{"href":"https:\/\/pronto-pellets.com\/index.php\/wp-json\/wp\/v2\/product\/1178","targetHints":{"allow":["GET"]}}],"collection":[{"href":"https:\/\/pronto-pellets.com\/index.php\/wp-json\/wp\/v2\/product"}],"about":[{"href":"https:\/\/pronto-pellets.com\/index.php\/wp-json\/wp\/v2\/types\/product"}],"replies":[{"embeddable":true,"href":"https:\/\/pronto-pellets.com\/index.php\/wp-json\/wp\/v2\/comments?post=1178"}],"wp:featuredmedia":[{"embeddable":true,"href":"https:\/\/pronto-pellets.com\/index.php\/wp-json\/wp\/v2\/media\/1255"}],"wp:attachment":[{"href":"https:\/\/pronto-pellets.com\/index.php\/wp-json\/wp\/v2\/media?parent=1178"}],"wp:term":[{"taxonomy":"product_brand","embeddable":true,"href":"https:\/\/pronto-pellets.com\/index.php\/wp-json\/wp\/v2\/product_brand?post=1178"},{"taxonomy":"product_cat","embeddable":true,"href":"https:\/\/pronto-pellets.com\/index.php\/wp-json\/wp\/v2\/product_cat?post=1178"},{"taxonomy":"product_tag","embeddable":true,"href":"https:\/\/pronto-pellets.com\/index.php\/wp-json\/wp\/v2\/product_tag?post=1178"}],"curies":[{"name":"wp","href":"https:\/\/api.w.org\/{rel}","templated":true}]}}