{"id":802,"date":"2025-07-08T06:30:16","date_gmt":"2025-07-08T04:30:16","guid":{"rendered":"https:\/\/pronto-pellets.com\/?post_type=product&#038;p=802"},"modified":"2025-11-07T12:04:55","modified_gmt":"2025-11-07T11:04:55","slug":"tronchi-di-verne-o-ontano-50-cm-eth945yk","status":"publish","type":"product","link":"https:\/\/pronto-pellets.com\/index.php\/prodotto\/tronchi-di-verne-o-ontano-50-cm-eth945yk\/","title":{"rendered":"Tronchi di Verne o ontano 50 cm ETH945YK"},"content":{"rendered":"<p><span dir=\"auto\" style=\"vertical-align: inherit;\"><span dir=\"auto\" style=\"vertical-align: inherit;\">Le bois d&#8217;aulne, peu co\u00fbteux, est un excellent bois de chauffage, malgr\u00e9 sa combustion rapide. Il d\u00e9gage une chaleur vive et intense. Au Pays basque, l&#8217;aulne \u00e9tait coup\u00e9 en juillet, d\u00e9bit\u00e9 en b\u00fbches. Le s\u00e9chage tr\u00e8s rapide de ces b\u00fbches permettait une utilisation optimale pour le chauffage. Le bois d&#8217;aulne est \u00e9galement utilis\u00e9 dans les fours n\u00e9cessitant une mont\u00e9e en temp\u00e9rature rapide et intense (boulangerie, pizzeria, forge, etc.).<\/span><\/span><\/p>\n<p><span dir=\"auto\" style=\"vertical-align: inherit;\"><span dir=\"auto\" style=\"vertical-align: inherit;\">Essence\u00a0: aulne ou vernie <\/span><\/span><br \/>\n<span dir=\"auto\" style=\"vertical-align: inherit;\"><span dir=\"auto\" style=\"vertical-align: inherit;\">Origine\u00a0: 100\u00a0% bois fran\u00e7ais <\/span><\/span><br \/>\n<span dir=\"auto\" style=\"vertical-align: inherit;\"><span dir=\"auto\" style=\"vertical-align: inherit;\">Longueur\u00a0: 50\u00a0cm <\/span><\/span><br \/>\n<span dir=\"auto\" style=\"vertical-align: inherit;\"><span dir=\"auto\" style=\"vertical-align: inherit;\">Quantit\u00e9\u00a0: 1,20\u00a0m\u00b3 (1,50\u00a0st\u00e8res) <\/span><\/span><br \/>\n<span dir=\"auto\" style=\"vertical-align: inherit;\"><span dir=\"auto\" style=\"vertical-align: inherit;\">Unit\u00e9 de vente\u00a0: par palette<\/span><\/span><\/p>\n","protected":false},"excerpt":{"rendered":"<p>Le bois d&#8217;aulne, peu co\u00fbteux, est un excellent bois de chauffage, malgr\u00e9 sa combustion rapide. Il d\u00e9gage une chaleur vive et intense. Au Pays basque, l&#8217;aulne \u00e9tait coup\u00e9 en juillet,<\/p>\n","protected":false},"featured_media":835,"comment_status":"open","ping_status":"closed","template":"","meta":[],"product_brand":[],"product_cat":[154],"product_tag":[],"class_list":{"0":"post-802","1":"product","2":"type-product","3":"status-publish","6":"product_cat-legno-da-fuoco","8":"first","9":"instock","10":"sale","11":"shipping-taxable","12":"purchasable","13":"product-type-simple"},"jetpack_sharing_enabled":true,"_links":{"self":[{"href":"https:\/\/pronto-pellets.com\/index.php\/wp-json\/wp\/v2\/product\/802","targetHints":{"allow":["GET"]}}],"collection":[{"href":"https:\/\/pronto-pellets.com\/index.php\/wp-json\/wp\/v2\/product"}],"about":[{"href":"https:\/\/pronto-pellets.com\/index.php\/wp-json\/wp\/v2\/types\/product"}],"replies":[{"embeddable":true,"href":"https:\/\/pronto-pellets.com\/index.php\/wp-json\/wp\/v2\/comments?post=802"}],"wp:featuredmedia":[{"embeddable":true,"href":"https:\/\/pronto-pellets.com\/index.php\/wp-json\/wp\/v2\/media\/835"}],"wp:attachment":[{"href":"https:\/\/pronto-pellets.com\/index.php\/wp-json\/wp\/v2\/media?parent=802"}],"wp:term":[{"taxonomy":"product_brand","embeddable":true,"href":"https:\/\/pronto-pellets.com\/index.php\/wp-json\/wp\/v2\/product_brand?post=802"},{"taxonomy":"product_cat","embeddable":true,"href":"https:\/\/pronto-pellets.com\/index.php\/wp-json\/wp\/v2\/product_cat?post=802"},{"taxonomy":"product_tag","embeddable":true,"href":"https:\/\/pronto-pellets.com\/index.php\/wp-json\/wp\/v2\/product_tag?post=802"}],"curies":[{"name":"wp","href":"https:\/\/api.w.org\/{rel}","templated":true}]}}