{"id":994,"date":"2025-07-08T06:31:28","date_gmt":"2025-07-08T04:31:28","guid":{"rendered":"https:\/\/pronto-pellets.com\/?post_type=product&#038;p=994"},"modified":"2025-11-07T11:53:38","modified_gmt":"2025-11-07T10:53:38","slug":"pellet-binderholz-ena1-bancali-da-70-sacchi","status":"publish","type":"product","link":"https:\/\/pronto-pellets.com\/index.php\/prodotto\/pellet-binderholz-ena1-bancali-da-70-sacchi\/","title":{"rendered":"Pellet Binderholz EN+A1 (Bancali da 70 sacchi)"},"content":{"rendered":"<p><span dir=\"auto\" style=\"vertical-align: inherit;\"><span dir=\"auto\" style=\"vertical-align: inherit;\">Granul\u00e9s autrichiens fabriqu\u00e9s \u00e0 partir de pure sciure d&#8217;\u00e9pic\u00e9a, certifi\u00e9s EN+A1.<\/span><\/span><\/p>\n<p><span dir=\"auto\" style=\"vertical-align: inherit;\"><span dir=\"auto\" style=\"vertical-align: inherit;\">Pour les livraisons \u00e0 nos clients, nous pouvons d\u00e9charger\u00a0 <\/span><\/span><strong><span dir=\"auto\" style=\"vertical-align: inherit;\"><span dir=\"auto\" style=\"vertical-align: inherit;\">les palettes et les big bags \u00e0 l&#8217;aide d&#8217;une grue<\/span><\/span><\/strong><span dir=\"auto\" style=\"vertical-align: inherit;\"><span dir=\"auto\" style=\"vertical-align: inherit;\"> \u00a0, et gr\u00e2ce \u00e0 l&#8217;utilisation d&#8217;un transpalette \u00e9lectrique moderne, nous pouvons aider nos clients\u00a0 <\/span><\/span><strong><span dir=\"auto\" style=\"vertical-align: inherit;\"><span dir=\"auto\" style=\"vertical-align: inherit;\">\u00e0 stocker<\/span><\/span><\/strong><span dir=\"auto\" style=\"vertical-align: inherit;\"><span dir=\"auto\" style=\"vertical-align: inherit;\"> \u00a0les marchandises qu&#8217;ils viennent d&#8217;acheter.<\/span><\/span><\/p>\n<p><span dir=\"auto\" style=\"vertical-align: inherit;\"><span dir=\"auto\" style=\"vertical-align: inherit;\">Les clients ont \u00e9galement acc\u00e8s \u00e0 une\u00a0 large gamme de po\u00eales <\/span><span dir=\"auto\" style=\"vertical-align: inherit;\">\u00a0\u00e0 granul\u00e9s\u00a0 <\/span><\/span><strong><span dir=\"auto\" style=\"vertical-align: inherit;\"><span dir=\"auto\" style=\"vertical-align: inherit;\">et de chaudi\u00e8res de grandes marques\u00a0: <\/span><\/span><\/strong><strong><span dir=\"auto\" style=\"vertical-align: inherit;\"><span dir=\"auto\" style=\"vertical-align: inherit;\">Nordica Extraflame, <\/span><\/span><\/strong>\u00a0<strong><span dir=\"auto\" style=\"vertical-align: inherit;\"><span dir=\"auto\" style=\"vertical-align: inherit;\">Palazzetti, Karmek One et Caldaie \u00d6kofen, les chaudi\u00e8res multi-combustibles Girolami et les po\u00eales en st\u00e9atite Tulikivi fonctionnant au bois et aux granul\u00e9s, avec capacit\u00e9 de stockage.\u00a0<\/span><\/span><\/strong><\/p>\n<p><span dir=\"auto\" style=\"vertical-align: inherit;\"><span dir=\"auto\" style=\"vertical-align: inherit;\">La palette est compos\u00e9e de 70 sacs de granul\u00e9s.<\/span><\/span><\/p>\n","protected":false},"excerpt":{"rendered":"<p>Granul\u00e9s autrichiens fabriqu\u00e9s \u00e0 partir de pure sciure d&#8217;\u00e9pic\u00e9a, certifi\u00e9s EN+A1. Pour les livraisons \u00e0 nos clients, nous pouvons d\u00e9charger\u00a0 les palettes et les big bags \u00e0 l&#8217;aide d&#8217;une grue<\/p>\n","protected":false},"featured_media":1069,"comment_status":"open","ping_status":"closed","template":"","meta":[],"product_brand":[],"product_cat":[156],"product_tag":[],"class_list":{"0":"post-994","1":"product","2":"type-product","3":"status-publish","6":"product_cat-pellet","8":"first","9":"instock","10":"shipping-taxable","11":"purchasable","12":"product-type-simple"},"jetpack_sharing_enabled":true,"_links":{"self":[{"href":"https:\/\/pronto-pellets.com\/index.php\/wp-json\/wp\/v2\/product\/994","targetHints":{"allow":["GET"]}}],"collection":[{"href":"https:\/\/pronto-pellets.com\/index.php\/wp-json\/wp\/v2\/product"}],"about":[{"href":"https:\/\/pronto-pellets.com\/index.php\/wp-json\/wp\/v2\/types\/product"}],"replies":[{"embeddable":true,"href":"https:\/\/pronto-pellets.com\/index.php\/wp-json\/wp\/v2\/comments?post=994"}],"wp:featuredmedia":[{"embeddable":true,"href":"https:\/\/pronto-pellets.com\/index.php\/wp-json\/wp\/v2\/media\/1069"}],"wp:attachment":[{"href":"https:\/\/pronto-pellets.com\/index.php\/wp-json\/wp\/v2\/media?parent=994"}],"wp:term":[{"taxonomy":"product_brand","embeddable":true,"href":"https:\/\/pronto-pellets.com\/index.php\/wp-json\/wp\/v2\/product_brand?post=994"},{"taxonomy":"product_cat","embeddable":true,"href":"https:\/\/pronto-pellets.com\/index.php\/wp-json\/wp\/v2\/product_cat?post=994"},{"taxonomy":"product_tag","embeddable":true,"href":"https:\/\/pronto-pellets.com\/index.php\/wp-json\/wp\/v2\/product_tag?post=994"}],"curies":[{"name":"wp","href":"https:\/\/api.w.org\/{rel}","templated":true}]}}